{"id":2,"date":"2017-03-15T17:08:07","date_gmt":"2017-03-15T16:08:07","guid":{"rendered":"http:\/\/dinnershow-riverboat.de\/?page_id=2"},"modified":"2026-02-23T16:32:55","modified_gmt":"2026-02-23T15:32:55","slug":"beispiel-seite","status":"publish","type":"page","link":"https:\/\/dinnershow-riverboat.de\/?page_id=2","title":{"rendered":"Die Musical-Dinnershow"},"content":{"rendered":"<p><img decoding=\"async\" loading=\"lazy\" class=\"aligncenter wp-image-9934 size-full\" src=\"https:\/\/dinnershow-riverboat.de\/wp-content\/uploads\/2023\/06\/produktbild1.jpg\" alt=\"\" width=\"960\" height=\"480\" srcset=\"https:\/\/dinnershow-riverboat.de\/wp-content\/uploads\/2023\/06\/produktbild1.jpg 960w, https:\/\/dinnershow-riverboat.de\/wp-content\/uploads\/2023\/06\/produktbild1-300x150.jpg 300w, https:\/\/dinnershow-riverboat.de\/wp-content\/uploads\/2023\/06\/produktbild1-768x384.jpg 768w, https:\/\/dinnershow-riverboat.de\/wp-content\/uploads\/2023\/06\/produktbild1-150x75.jpg 150w\" sizes=\"(max-width: 960px) 100vw, 960px\" \/><\/p>\n<p>Ber\u00fchrende Szenen aus LES MIS\u00c9RABLES, d\u00fcster-gruselige Momente aus TANZ DER VAMPIRE, Charme und Eleganz des Klassikers MY FAIR LADY und neben einer Vielzahl von beliebten Liedern aus weiteren bekannten Musicals auch den absurden Humor aus SPAMALOT, der musikalischen Umsetzung der Monty-Python-Klassiker &#8222;Die Ritter der Kokosnuss&#8220; und &#8222;Das Leben des Brian&#8220; &#8211; das erwartet Sie an einem abwechslungsreichen Abend im Riverboat in Leipzig.<\/p>\n<p>Aufwendige Kost\u00fcme und Effekte runden den fast vierst\u00fcndigen Abend ab, der von den Akteuren des Leipziger Theaters MUSICAL mobil pr\u00e4sentiert wird.<\/p>\n<p>Das Team von Pepe &amp; Faber Catering sorgt f\u00fcr den kulinarischen Rahmen.<\/p>\n<p>Fr\u00fchbucher erhalten bis 60 Tage vor der entsprechenden Veranstaltung einen Rabatt, der im Shop automatisch berechnet und ausgewiesen wird.<\/p>\n<a href=\"https:\/\/dinnershow-riverboat.de\/?page_id=9760\" class=\"su-button su-button-style-soft\" style=\"color:#FFFFFF;background-color:#261e64;border-color:#1f1850;border-radius:0px\" target=\"_self\"><span style=\"color:#FFFFFF;padding:6px 18px;font-size:14px;line-height:21px;border-color:#686293;border-radius:0px;text-shadow:0px 0px 0px #000000\"><i class=\"sui sui-clock-o\" style=\"font-size:14px;color:#FFFFFF\"><\/i> Termine<\/span><\/a>\n","protected":false},"excerpt":{"rendered":"<p>Ber\u00fchrende Szenen aus LES MIS\u00c9RABLES, d\u00fcster-gruselige Momente aus TANZ DER VAMPIRE, Charme und Eleganz des Klassikers MY FAIR LADY und neben einer Vielzahl von beliebten Liedern aus weiteren bekannten Musicals auch den absurden Humor aus SPAMALOT, der musikalischen Umsetzung der Monty-Python-Klassiker &#8222;Die Ritter der Kokosnuss&#8220; und &#8222;Das Leben des Brian&#8220;\u2026<\/p>\n<p> <a class=\"continue-reading-link\" href=\"https:\/\/dinnershow-riverboat.de\/?page_id=2\"><span>Continue reading<\/span><i class=\"crycon-right-dir\"><\/i><\/a> <\/p>\n","protected":false},"author":1,"featured_media":0,"parent":0,"menu_order":0,"comment_status":"closed","ping_status":"open","template":"templates\/template-onecolumn.php","meta":[],"publishpress_future_action":{"enabled":false,"date":"2026-05-04 15:06:59","action":"change-status","newStatus":"draft","terms":[],"taxonomy":""},"_links":{"self":[{"href":"https:\/\/dinnershow-riverboat.de\/index.php?rest_route=\/wp\/v2\/pages\/2"}],"collection":[{"href":"https:\/\/dinnershow-riverboat.de\/index.php?rest_route=\/wp\/v2\/pages"}],"about":[{"href":"https:\/\/dinnershow-riverboat.de\/index.php?rest_route=\/wp\/v2\/types\/page"}],"author":[{"embeddable":true,"href":"https:\/\/dinnershow-riverboat.de\/index.php?rest_route=\/wp\/v2\/users\/1"}],"replies":[{"embeddable":true,"href":"https:\/\/dinnershow-riverboat.de\/index.php?rest_route=%2Fwp%2Fv2%2Fcomments&post=2"}],"version-history":[{"count":7,"href":"https:\/\/dinnershow-riverboat.de\/index.php?rest_route=\/wp\/v2\/pages\/2\/revisions"}],"predecessor-version":[{"id":9965,"href":"https:\/\/dinnershow-riverboat.de\/index.php?rest_route=\/wp\/v2\/pages\/2\/revisions\/9965"}],"wp:attachment":[{"href":"https:\/\/dinnershow-riverboat.de\/index.php?rest_route=%2Fwp%2Fv2%2Fmedia&parent=2"}],"curies":[{"name":"wp","href":"https:\/\/api.w.org\/{rel}","templated":true}]}}